{"id":214,"date":"2023-09-05T07:43:48","date_gmt":"2023-09-05T05:43:48","guid":{"rendered":"https:\/\/groupepourladanse.fr\/?page_id=214"},"modified":"2024-01-13T17:39:19","modified_gmt":"2024-01-13T16:39:19","slug":"afrobeat","status":"publish","type":"page","link":"https:\/\/groupepourladanse.fr\/index.php\/afrobeat\/","title":{"rendered":"Afro-urbain"},"content":{"rendered":"\n<p>Danse originaire du continent africain qui m\u00e9lange diff\u00e9rents styles de danse africaine comme le Coup\u00e9-d\u00e9cal\u00e9, le Ndombolo, l\u2019Azonto, le Kuduro, l\u2019Afrohouse\u2026 ou encore le Dancehall. \u00c0 ne pas confondre avec les danses traditionnelles africaines.<\/p>\n\n\n\n<p>Toutes ces danses venues de C\u00f4te d\u2019Ivoire, du Congo, d\u2019Angola et d\u2019ailleurs se retrouvent m\u00e9lang\u00e9es dans l\u2019Afro-urbain (que certains appellent Afro Style).<\/p>\n\n\n\n<div style=\"height:50px\" aria-hidden=\"true\" class=\"wp-block-spacer\"><\/div>\n\n\n\n<figure class=\"wp-block-image size-large\"><img loading=\"lazy\" decoding=\"async\" width=\"1024\" height=\"406\" src=\"https:\/\/groupepourladanse.fr\/wp-content\/uploads\/2023\/11\/afro1-1-1024x406.png\" alt=\"\" class=\"wp-image-693\" srcset=\"https:\/\/groupepourladanse.fr\/wp-content\/uploads\/2023\/11\/afro1-1-1024x406.png 1024w, https:\/\/groupepourladanse.fr\/wp-content\/uploads\/2023\/11\/afro1-1-300x119.png 300w, https:\/\/groupepourladanse.fr\/wp-content\/uploads\/2023\/11\/afro1-1-768x304.png 768w, https:\/\/groupepourladanse.fr\/wp-content\/uploads\/2023\/11\/afro1-1.png 1317w\" sizes=\"auto, (max-width: 1024px) 100vw, 1024px\" \/><\/figure>\n\n\n\n<div style=\"height:70px\" aria-hidden=\"true\" class=\"wp-block-spacer\"><\/div>\n\n\n\n<h3 class=\"wp-block-heading\">HORAIRES<\/h3>\n\n\n\n<ul class=\"wp-block-list\">\n<li>Afro-urbain (d\u00e8s 16 ans) : lundi de 21h15 \u00e0 22h15 &#8211; salle H\u00e9l\u00e8ne Oudoux<\/li>\n<\/ul>\n\n\n\n<div style=\"height:70px\" aria-hidden=\"true\" class=\"wp-block-spacer\"><\/div>\n","protected":false},"excerpt":{"rendered":"<p>Danse originaire du continent africain qui m\u00e9lange diff\u00e9rents styles de danse africaine comme le Coup\u00e9-d\u00e9cal\u00e9, le Ndombolo, l\u2019Azonto, le Kuduro, l\u2019Afrohouse\u2026 ou encore le Dancehall. \u00c0 ne pas confondre avec les danses traditionnelles africaines. Toutes ces danses venues de C\u00f4te d\u2019Ivoire, du Congo, d\u2019Angola et d\u2019ailleurs se retrouvent m\u00e9lang\u00e9es dans [&hellip;]<\/p>\n","protected":false},"author":1,"featured_media":0,"parent":0,"menu_order":0,"comment_status":"closed","ping_status":"closed","template":"","meta":{"_themeisle_gutenberg_block_has_review":false,"footnotes":""},"class_list":["post-214","page","type-page","status-publish","hentry"],"yoast_head":"<!-- This site is optimized with the Yoast SEO plugin v25.9 - https:\/\/yoast.com\/wordpress\/plugins\/seo\/ -->\n<title>Afro-urbain - Groupe pour la Danse<\/title>\n<meta name=\"robots\" content=\"index, follow, max-snippet:-1, max-image-preview:large, max-video-preview:-1\" \/>\n<link rel=\"canonical\" href=\"https:\/\/groupepourladanse.fr\/index.php\/afrobeat\/\" \/>\n<meta property=\"og:locale\" content=\"en_US\" \/>\n<meta property=\"og:type\" content=\"article\" \/>\n<meta property=\"og:title\" content=\"Afro-urbain - Groupe pour la Danse\" \/>\n<meta property=\"og:description\" content=\"Danse originaire du continent africain qui m\u00e9lange diff\u00e9rents styles de danse africaine comme le Coup\u00e9-d\u00e9cal\u00e9, le Ndombolo, l\u2019Azonto, le Kuduro, l\u2019Afrohouse\u2026 ou encore le Dancehall. \u00c0 ne pas confondre avec les danses traditionnelles africaines. Toutes ces danses venues de C\u00f4te d\u2019Ivoire, du Congo, d\u2019Angola et d\u2019ailleurs se retrouvent m\u00e9lang\u00e9es dans [&hellip;]\" \/>\n<meta property=\"og:url\" content=\"https:\/\/groupepourladanse.fr\/index.php\/afrobeat\/\" \/>\n<meta property=\"og:site_name\" content=\"Groupe pour la Danse\" \/>\n<meta property=\"article:modified_time\" content=\"2024-01-13T16:39:19+00:00\" \/>\n<meta property=\"og:image\" content=\"https:\/\/groupepourladanse.fr\/wp-content\/uploads\/2023\/11\/afro1-1-1024x406.png\" \/>\n<meta name=\"twitter:card\" content=\"summary_large_image\" \/>\n<meta name=\"twitter:label1\" content=\"Est. reading time\" \/>\n\t<meta name=\"twitter:data1\" content=\"1 minute\" \/>\n<script type=\"application\/ld+json\" class=\"yoast-schema-graph\">{\"@context\":\"https:\/\/schema.org\",\"@graph\":[{\"@type\":\"WebPage\",\"@id\":\"https:\/\/groupepourladanse.fr\/index.php\/afrobeat\/\",\"url\":\"https:\/\/groupepourladanse.fr\/index.php\/afrobeat\/\",\"name\":\"Afro-urbain - Groupe pour la Danse\",\"isPartOf\":{\"@id\":\"https:\/\/groupepourladanse.fr\/#website\"},\"primaryImageOfPage\":{\"@id\":\"https:\/\/groupepourladanse.fr\/index.php\/afrobeat\/#primaryimage\"},\"image\":{\"@id\":\"https:\/\/groupepourladanse.fr\/index.php\/afrobeat\/#primaryimage\"},\"thumbnailUrl\":\"https:\/\/groupepourladanse.fr\/wp-content\/uploads\/2023\/11\/afro1-1-1024x406.png\",\"datePublished\":\"2023-09-05T05:43:48+00:00\",\"dateModified\":\"2024-01-13T16:39:19+00:00\",\"breadcrumb\":{\"@id\":\"https:\/\/groupepourladanse.fr\/index.php\/afrobeat\/#breadcrumb\"},\"inLanguage\":\"en-US\",\"potentialAction\":[{\"@type\":\"ReadAction\",\"target\":[\"https:\/\/groupepourladanse.fr\/index.php\/afrobeat\/\"]}]},{\"@type\":\"ImageObject\",\"inLanguage\":\"en-US\",\"@id\":\"https:\/\/groupepourladanse.fr\/index.php\/afrobeat\/#primaryimage\",\"url\":\"https:\/\/groupepourladanse.fr\/wp-content\/uploads\/2023\/11\/afro1-1-1024x406.png\",\"contentUrl\":\"https:\/\/groupepourladanse.fr\/wp-content\/uploads\/2023\/11\/afro1-1-1024x406.png\"},{\"@type\":\"BreadcrumbList\",\"@id\":\"https:\/\/groupepourladanse.fr\/index.php\/afrobeat\/#breadcrumb\",\"itemListElement\":[{\"@type\":\"ListItem\",\"position\":1,\"name\":\"Accueil\",\"item\":\"https:\/\/groupepourladanse.fr\/\"},{\"@type\":\"ListItem\",\"position\":2,\"name\":\"Afro-urbain\"}]},{\"@type\":\"WebSite\",\"@id\":\"https:\/\/groupepourladanse.fr\/#website\",\"url\":\"https:\/\/groupepourladanse.fr\/\",\"name\":\"Groupe pour la Danse\",\"description\":\"\",\"publisher\":{\"@id\":\"https:\/\/groupepourladanse.fr\/#organization\"},\"potentialAction\":[{\"@type\":\"SearchAction\",\"target\":{\"@type\":\"EntryPoint\",\"urlTemplate\":\"https:\/\/groupepourladanse.fr\/?s={search_term_string}\"},\"query-input\":{\"@type\":\"PropertyValueSpecification\",\"valueRequired\":true,\"valueName\":\"search_term_string\"}}],\"inLanguage\":\"en-US\"},{\"@type\":\"Organization\",\"@id\":\"https:\/\/groupepourladanse.fr\/#organization\",\"name\":\"Groupe pour la Danse\",\"url\":\"https:\/\/groupepourladanse.fr\/\",\"logo\":{\"@type\":\"ImageObject\",\"inLanguage\":\"en-US\",\"@id\":\"https:\/\/groupepourladanse.fr\/#\/schema\/logo\/image\/\",\"url\":\"https:\/\/groupepourladanse.fr\/wp-content\/uploads\/2023\/11\/LOGO_GROUPE_DANSE_RVB.png\",\"contentUrl\":\"https:\/\/groupepourladanse.fr\/wp-content\/uploads\/2023\/11\/LOGO_GROUPE_DANSE_RVB.png\",\"width\":2052,\"height\":2139,\"caption\":\"Groupe pour la Danse\"},\"image\":{\"@id\":\"https:\/\/groupepourladanse.fr\/#\/schema\/logo\/image\/\"}}]}<\/script>\n<!-- \/ Yoast SEO plugin. -->","yoast_head_json":{"title":"Afro-urbain - Groupe pour la Danse","robots":{"index":"index","follow":"follow","max-snippet":"max-snippet:-1","max-image-preview":"max-image-preview:large","max-video-preview":"max-video-preview:-1"},"canonical":"https:\/\/groupepourladanse.fr\/index.php\/afrobeat\/","og_locale":"en_US","og_type":"article","og_title":"Afro-urbain - Groupe pour la Danse","og_description":"Danse originaire du continent africain qui m\u00e9lange diff\u00e9rents styles de danse africaine comme le Coup\u00e9-d\u00e9cal\u00e9, le Ndombolo, l\u2019Azonto, le Kuduro, l\u2019Afrohouse\u2026 ou encore le Dancehall. \u00c0 ne pas confondre avec les danses traditionnelles africaines. Toutes ces danses venues de C\u00f4te d\u2019Ivoire, du Congo, d\u2019Angola et d\u2019ailleurs se retrouvent m\u00e9lang\u00e9es dans [&hellip;]","og_url":"https:\/\/groupepourladanse.fr\/index.php\/afrobeat\/","og_site_name":"Groupe pour la Danse","article_modified_time":"2024-01-13T16:39:19+00:00","og_image":[{"url":"https:\/\/groupepourladanse.fr\/wp-content\/uploads\/2023\/11\/afro1-1-1024x406.png","type":"","width":"","height":""}],"twitter_card":"summary_large_image","twitter_misc":{"Est. reading time":"1 minute"},"schema":{"@context":"https:\/\/schema.org","@graph":[{"@type":"WebPage","@id":"https:\/\/groupepourladanse.fr\/index.php\/afrobeat\/","url":"https:\/\/groupepourladanse.fr\/index.php\/afrobeat\/","name":"Afro-urbain - Groupe pour la Danse","isPartOf":{"@id":"https:\/\/groupepourladanse.fr\/#website"},"primaryImageOfPage":{"@id":"https:\/\/groupepourladanse.fr\/index.php\/afrobeat\/#primaryimage"},"image":{"@id":"https:\/\/groupepourladanse.fr\/index.php\/afrobeat\/#primaryimage"},"thumbnailUrl":"https:\/\/groupepourladanse.fr\/wp-content\/uploads\/2023\/11\/afro1-1-1024x406.png","datePublished":"2023-09-05T05:43:48+00:00","dateModified":"2024-01-13T16:39:19+00:00","breadcrumb":{"@id":"https:\/\/groupepourladanse.fr\/index.php\/afrobeat\/#breadcrumb"},"inLanguage":"en-US","potentialAction":[{"@type":"ReadAction","target":["https:\/\/groupepourladanse.fr\/index.php\/afrobeat\/"]}]},{"@type":"ImageObject","inLanguage":"en-US","@id":"https:\/\/groupepourladanse.fr\/index.php\/afrobeat\/#primaryimage","url":"https:\/\/groupepourladanse.fr\/wp-content\/uploads\/2023\/11\/afro1-1-1024x406.png","contentUrl":"https:\/\/groupepourladanse.fr\/wp-content\/uploads\/2023\/11\/afro1-1-1024x406.png"},{"@type":"BreadcrumbList","@id":"https:\/\/groupepourladanse.fr\/index.php\/afrobeat\/#breadcrumb","itemListElement":[{"@type":"ListItem","position":1,"name":"Accueil","item":"https:\/\/groupepourladanse.fr\/"},{"@type":"ListItem","position":2,"name":"Afro-urbain"}]},{"@type":"WebSite","@id":"https:\/\/groupepourladanse.fr\/#website","url":"https:\/\/groupepourladanse.fr\/","name":"Groupe pour la Danse","description":"","publisher":{"@id":"https:\/\/groupepourladanse.fr\/#organization"},"potentialAction":[{"@type":"SearchAction","target":{"@type":"EntryPoint","urlTemplate":"https:\/\/groupepourladanse.fr\/?s={search_term_string}"},"query-input":{"@type":"PropertyValueSpecification","valueRequired":true,"valueName":"search_term_string"}}],"inLanguage":"en-US"},{"@type":"Organization","@id":"https:\/\/groupepourladanse.fr\/#organization","name":"Groupe pour la Danse","url":"https:\/\/groupepourladanse.fr\/","logo":{"@type":"ImageObject","inLanguage":"en-US","@id":"https:\/\/groupepourladanse.fr\/#\/schema\/logo\/image\/","url":"https:\/\/groupepourladanse.fr\/wp-content\/uploads\/2023\/11\/LOGO_GROUPE_DANSE_RVB.png","contentUrl":"https:\/\/groupepourladanse.fr\/wp-content\/uploads\/2023\/11\/LOGO_GROUPE_DANSE_RVB.png","width":2052,"height":2139,"caption":"Groupe pour la Danse"},"image":{"@id":"https:\/\/groupepourladanse.fr\/#\/schema\/logo\/image\/"}}]}},"_links":{"self":[{"href":"https:\/\/groupepourladanse.fr\/index.php\/wp-json\/wp\/v2\/pages\/214","targetHints":{"allow":["GET"]}}],"collection":[{"href":"https:\/\/groupepourladanse.fr\/index.php\/wp-json\/wp\/v2\/pages"}],"about":[{"href":"https:\/\/groupepourladanse.fr\/index.php\/wp-json\/wp\/v2\/types\/page"}],"author":[{"embeddable":true,"href":"https:\/\/groupepourladanse.fr\/index.php\/wp-json\/wp\/v2\/users\/1"}],"replies":[{"embeddable":true,"href":"https:\/\/groupepourladanse.fr\/index.php\/wp-json\/wp\/v2\/comments?post=214"}],"version-history":[{"count":13,"href":"https:\/\/groupepourladanse.fr\/index.php\/wp-json\/wp\/v2\/pages\/214\/revisions"}],"predecessor-version":[{"id":783,"href":"https:\/\/groupepourladanse.fr\/index.php\/wp-json\/wp\/v2\/pages\/214\/revisions\/783"}],"wp:attachment":[{"href":"https:\/\/groupepourladanse.fr\/index.php\/wp-json\/wp\/v2\/media?parent=214"}],"curies":[{"name":"wp","href":"https:\/\/api.w.org\/{rel}","templated":true}]}}