{"id":230,"date":"2023-09-05T07:48:17","date_gmt":"2023-09-05T05:48:17","guid":{"rendered":"https:\/\/groupepourladanse.fr\/?page_id=230"},"modified":"2025-09-12T12:01:25","modified_gmt":"2025-09-12T10:01:25","slug":"danse-de-salon","status":"publish","type":"page","link":"https:\/\/groupepourladanse.fr\/index.php\/danse-de-salon\/","title":{"rendered":"Salsa, danses latines &amp; standards"},"content":{"rendered":"\n<p>La salsa, en solo, en ligne ou en couple, est une danse aux racines cubaines au tempo vif pour un moment chaleureux et festif.<\/p>\n\n\n\n<p>Les fondamentaux des danses de salon, latines ou standard, sont souvent issues des danses traditionnelles ou folkloriques revisit\u00e9es par chaque g\u00e9n\u00e9ration. <\/p>\n\n\n\n<p>Le programme propos\u00e9 comprendra de la salsa, cha cha, tango, jive, paso doble et samba, avec 4 \u00e0 5 s\u00e9ances pour chaque danse.<\/p>\n\n\n\n<p>Les cours sont adapt\u00e9s aux d\u00e9butant.e.s et interm\u00e9diaires.<\/p>\n\n\n\n<div style=\"height:49px\" aria-hidden=\"true\" class=\"wp-block-spacer\"><\/div>\n\n\n\n<div style=\"height:0px\" aria-hidden=\"true\" class=\"wp-block-spacer\"><\/div>\n\n\n\n<figure class=\"wp-block-image size-full\"><img loading=\"lazy\" decoding=\"async\" width=\"946\" height=\"347\" src=\"https:\/\/groupepourladanse.fr\/wp-content\/uploads\/2023\/11\/Salon-2-ok.png\" alt=\"\" class=\"wp-image-747\" srcset=\"https:\/\/groupepourladanse.fr\/wp-content\/uploads\/2023\/11\/Salon-2-ok.png 946w, https:\/\/groupepourladanse.fr\/wp-content\/uploads\/2023\/11\/Salon-2-ok-300x110.png 300w, https:\/\/groupepourladanse.fr\/wp-content\/uploads\/2023\/11\/Salon-2-ok-768x282.png 768w\" sizes=\"auto, (max-width: 946px) 100vw, 946px\" \/><\/figure>\n\n\n\n<div style=\"height:70px\" aria-hidden=\"true\" class=\"wp-block-spacer\"><\/div>\n\n\n\n<h3 class=\"wp-block-heading\">HORAIRES<\/h3>\n\n\n\n<ul class=\"wp-block-list\">\n<li>Salsa, danses latines &amp; standards (d\u00e8s 16 ans) : jeudi de 20h45 \u00e0 22h15 &#8211; salle H\u00e9l\u00e8ne Oudoux<\/li>\n<\/ul>\n\n\n\n<div style=\"height:70px\" aria-hidden=\"true\" class=\"wp-block-spacer\"><\/div>\n","protected":false},"excerpt":{"rendered":"<p>La salsa, en solo, en ligne ou en couple, est une danse aux racines cubaines au tempo vif pour un moment chaleureux et festif. Les fondamentaux des danses de salon, latines ou standard, sont souvent issues des danses traditionnelles ou folkloriques revisit\u00e9es par chaque g\u00e9n\u00e9ration. Le programme propos\u00e9 comprendra de [&hellip;]<\/p>\n","protected":false},"author":1,"featured_media":0,"parent":0,"menu_order":0,"comment_status":"closed","ping_status":"closed","template":"","meta":{"_themeisle_gutenberg_block_has_review":false,"footnotes":""},"class_list":["post-230","page","type-page","status-publish","hentry"],"yoast_head":"<!-- This site is optimized with the Yoast SEO plugin v25.9 - https:\/\/yoast.com\/wordpress\/plugins\/seo\/ -->\n<title>Salsa, danses latines &amp; standards - Groupe pour la Danse<\/title>\n<meta name=\"robots\" content=\"index, follow, max-snippet:-1, max-image-preview:large, max-video-preview:-1\" \/>\n<link rel=\"canonical\" href=\"https:\/\/groupepourladanse.fr\/index.php\/danse-de-salon\/\" \/>\n<meta property=\"og:locale\" content=\"en_US\" \/>\n<meta property=\"og:type\" content=\"article\" \/>\n<meta property=\"og:title\" content=\"Salsa, danses latines &amp; standards - Groupe pour la Danse\" \/>\n<meta property=\"og:description\" content=\"La salsa, en solo, en ligne ou en couple, est une danse aux racines cubaines au tempo vif pour un moment chaleureux et festif. Les fondamentaux des danses de salon, latines ou standard, sont souvent issues des danses traditionnelles ou folkloriques revisit\u00e9es par chaque g\u00e9n\u00e9ration. Le programme propos\u00e9 comprendra de [&hellip;]\" \/>\n<meta property=\"og:url\" content=\"https:\/\/groupepourladanse.fr\/index.php\/danse-de-salon\/\" \/>\n<meta property=\"og:site_name\" content=\"Groupe pour la Danse\" \/>\n<meta property=\"article:modified_time\" content=\"2025-09-12T10:01:25+00:00\" \/>\n<meta property=\"og:image\" content=\"https:\/\/groupepourladanse.fr\/wp-content\/uploads\/2023\/11\/Salon-2-ok.png\" \/>\n\t<meta property=\"og:image:width\" content=\"946\" \/>\n\t<meta property=\"og:image:height\" content=\"347\" \/>\n\t<meta property=\"og:image:type\" content=\"image\/png\" \/>\n<meta name=\"twitter:card\" content=\"summary_large_image\" \/>\n<meta name=\"twitter:label1\" content=\"Est. reading time\" \/>\n\t<meta name=\"twitter:data1\" content=\"1 minute\" \/>\n<script type=\"application\/ld+json\" class=\"yoast-schema-graph\">{\"@context\":\"https:\/\/schema.org\",\"@graph\":[{\"@type\":\"WebPage\",\"@id\":\"https:\/\/groupepourladanse.fr\/index.php\/danse-de-salon\/\",\"url\":\"https:\/\/groupepourladanse.fr\/index.php\/danse-de-salon\/\",\"name\":\"Salsa, danses latines &amp; standards - Groupe pour la Danse\",\"isPartOf\":{\"@id\":\"https:\/\/groupepourladanse.fr\/#website\"},\"primaryImageOfPage\":{\"@id\":\"https:\/\/groupepourladanse.fr\/index.php\/danse-de-salon\/#primaryimage\"},\"image\":{\"@id\":\"https:\/\/groupepourladanse.fr\/index.php\/danse-de-salon\/#primaryimage\"},\"thumbnailUrl\":\"https:\/\/groupepourladanse.fr\/wp-content\/uploads\/2023\/11\/Salon-2-ok.png\",\"datePublished\":\"2023-09-05T05:48:17+00:00\",\"dateModified\":\"2025-09-12T10:01:25+00:00\",\"breadcrumb\":{\"@id\":\"https:\/\/groupepourladanse.fr\/index.php\/danse-de-salon\/#breadcrumb\"},\"inLanguage\":\"en-US\",\"potentialAction\":[{\"@type\":\"ReadAction\",\"target\":[\"https:\/\/groupepourladanse.fr\/index.php\/danse-de-salon\/\"]}]},{\"@type\":\"ImageObject\",\"inLanguage\":\"en-US\",\"@id\":\"https:\/\/groupepourladanse.fr\/index.php\/danse-de-salon\/#primaryimage\",\"url\":\"https:\/\/groupepourladanse.fr\/wp-content\/uploads\/2023\/11\/Salon-2-ok.png\",\"contentUrl\":\"https:\/\/groupepourladanse.fr\/wp-content\/uploads\/2023\/11\/Salon-2-ok.png\",\"width\":946,\"height\":347},{\"@type\":\"BreadcrumbList\",\"@id\":\"https:\/\/groupepourladanse.fr\/index.php\/danse-de-salon\/#breadcrumb\",\"itemListElement\":[{\"@type\":\"ListItem\",\"position\":1,\"name\":\"Accueil\",\"item\":\"https:\/\/groupepourladanse.fr\/\"},{\"@type\":\"ListItem\",\"position\":2,\"name\":\"Salsa, danses latines &amp; standards\"}]},{\"@type\":\"WebSite\",\"@id\":\"https:\/\/groupepourladanse.fr\/#website\",\"url\":\"https:\/\/groupepourladanse.fr\/\",\"name\":\"Groupe pour la Danse\",\"description\":\"\",\"publisher\":{\"@id\":\"https:\/\/groupepourladanse.fr\/#organization\"},\"potentialAction\":[{\"@type\":\"SearchAction\",\"target\":{\"@type\":\"EntryPoint\",\"urlTemplate\":\"https:\/\/groupepourladanse.fr\/?s={search_term_string}\"},\"query-input\":{\"@type\":\"PropertyValueSpecification\",\"valueRequired\":true,\"valueName\":\"search_term_string\"}}],\"inLanguage\":\"en-US\"},{\"@type\":\"Organization\",\"@id\":\"https:\/\/groupepourladanse.fr\/#organization\",\"name\":\"Groupe pour la Danse\",\"url\":\"https:\/\/groupepourladanse.fr\/\",\"logo\":{\"@type\":\"ImageObject\",\"inLanguage\":\"en-US\",\"@id\":\"https:\/\/groupepourladanse.fr\/#\/schema\/logo\/image\/\",\"url\":\"https:\/\/groupepourladanse.fr\/wp-content\/uploads\/2023\/11\/LOGO_GROUPE_DANSE_RVB.png\",\"contentUrl\":\"https:\/\/groupepourladanse.fr\/wp-content\/uploads\/2023\/11\/LOGO_GROUPE_DANSE_RVB.png\",\"width\":2052,\"height\":2139,\"caption\":\"Groupe pour la Danse\"},\"image\":{\"@id\":\"https:\/\/groupepourladanse.fr\/#\/schema\/logo\/image\/\"}}]}<\/script>\n<!-- \/ Yoast SEO plugin. -->","yoast_head_json":{"title":"Salsa, danses latines &amp; standards - Groupe pour la Danse","robots":{"index":"index","follow":"follow","max-snippet":"max-snippet:-1","max-image-preview":"max-image-preview:large","max-video-preview":"max-video-preview:-1"},"canonical":"https:\/\/groupepourladanse.fr\/index.php\/danse-de-salon\/","og_locale":"en_US","og_type":"article","og_title":"Salsa, danses latines &amp; standards - Groupe pour la Danse","og_description":"La salsa, en solo, en ligne ou en couple, est une danse aux racines cubaines au tempo vif pour un moment chaleureux et festif. Les fondamentaux des danses de salon, latines ou standard, sont souvent issues des danses traditionnelles ou folkloriques revisit\u00e9es par chaque g\u00e9n\u00e9ration. Le programme propos\u00e9 comprendra de [&hellip;]","og_url":"https:\/\/groupepourladanse.fr\/index.php\/danse-de-salon\/","og_site_name":"Groupe pour la Danse","article_modified_time":"2025-09-12T10:01:25+00:00","og_image":[{"width":946,"height":347,"url":"https:\/\/groupepourladanse.fr\/wp-content\/uploads\/2023\/11\/Salon-2-ok.png","type":"image\/png"}],"twitter_card":"summary_large_image","twitter_misc":{"Est. reading time":"1 minute"},"schema":{"@context":"https:\/\/schema.org","@graph":[{"@type":"WebPage","@id":"https:\/\/groupepourladanse.fr\/index.php\/danse-de-salon\/","url":"https:\/\/groupepourladanse.fr\/index.php\/danse-de-salon\/","name":"Salsa, danses latines &amp; standards - Groupe pour la Danse","isPartOf":{"@id":"https:\/\/groupepourladanse.fr\/#website"},"primaryImageOfPage":{"@id":"https:\/\/groupepourladanse.fr\/index.php\/danse-de-salon\/#primaryimage"},"image":{"@id":"https:\/\/groupepourladanse.fr\/index.php\/danse-de-salon\/#primaryimage"},"thumbnailUrl":"https:\/\/groupepourladanse.fr\/wp-content\/uploads\/2023\/11\/Salon-2-ok.png","datePublished":"2023-09-05T05:48:17+00:00","dateModified":"2025-09-12T10:01:25+00:00","breadcrumb":{"@id":"https:\/\/groupepourladanse.fr\/index.php\/danse-de-salon\/#breadcrumb"},"inLanguage":"en-US","potentialAction":[{"@type":"ReadAction","target":["https:\/\/groupepourladanse.fr\/index.php\/danse-de-salon\/"]}]},{"@type":"ImageObject","inLanguage":"en-US","@id":"https:\/\/groupepourladanse.fr\/index.php\/danse-de-salon\/#primaryimage","url":"https:\/\/groupepourladanse.fr\/wp-content\/uploads\/2023\/11\/Salon-2-ok.png","contentUrl":"https:\/\/groupepourladanse.fr\/wp-content\/uploads\/2023\/11\/Salon-2-ok.png","width":946,"height":347},{"@type":"BreadcrumbList","@id":"https:\/\/groupepourladanse.fr\/index.php\/danse-de-salon\/#breadcrumb","itemListElement":[{"@type":"ListItem","position":1,"name":"Accueil","item":"https:\/\/groupepourladanse.fr\/"},{"@type":"ListItem","position":2,"name":"Salsa, danses latines &amp; standards"}]},{"@type":"WebSite","@id":"https:\/\/groupepourladanse.fr\/#website","url":"https:\/\/groupepourladanse.fr\/","name":"Groupe pour la Danse","description":"","publisher":{"@id":"https:\/\/groupepourladanse.fr\/#organization"},"potentialAction":[{"@type":"SearchAction","target":{"@type":"EntryPoint","urlTemplate":"https:\/\/groupepourladanse.fr\/?s={search_term_string}"},"query-input":{"@type":"PropertyValueSpecification","valueRequired":true,"valueName":"search_term_string"}}],"inLanguage":"en-US"},{"@type":"Organization","@id":"https:\/\/groupepourladanse.fr\/#organization","name":"Groupe pour la Danse","url":"https:\/\/groupepourladanse.fr\/","logo":{"@type":"ImageObject","inLanguage":"en-US","@id":"https:\/\/groupepourladanse.fr\/#\/schema\/logo\/image\/","url":"https:\/\/groupepourladanse.fr\/wp-content\/uploads\/2023\/11\/LOGO_GROUPE_DANSE_RVB.png","contentUrl":"https:\/\/groupepourladanse.fr\/wp-content\/uploads\/2023\/11\/LOGO_GROUPE_DANSE_RVB.png","width":2052,"height":2139,"caption":"Groupe pour la Danse"},"image":{"@id":"https:\/\/groupepourladanse.fr\/#\/schema\/logo\/image\/"}}]}},"_links":{"self":[{"href":"https:\/\/groupepourladanse.fr\/index.php\/wp-json\/wp\/v2\/pages\/230","targetHints":{"allow":["GET"]}}],"collection":[{"href":"https:\/\/groupepourladanse.fr\/index.php\/wp-json\/wp\/v2\/pages"}],"about":[{"href":"https:\/\/groupepourladanse.fr\/index.php\/wp-json\/wp\/v2\/types\/page"}],"author":[{"embeddable":true,"href":"https:\/\/groupepourladanse.fr\/index.php\/wp-json\/wp\/v2\/users\/1"}],"replies":[{"embeddable":true,"href":"https:\/\/groupepourladanse.fr\/index.php\/wp-json\/wp\/v2\/comments?post=230"}],"version-history":[{"count":24,"href":"https:\/\/groupepourladanse.fr\/index.php\/wp-json\/wp\/v2\/pages\/230\/revisions"}],"predecessor-version":[{"id":1244,"href":"https:\/\/groupepourladanse.fr\/index.php\/wp-json\/wp\/v2\/pages\/230\/revisions\/1244"}],"wp:attachment":[{"href":"https:\/\/groupepourladanse.fr\/index.php\/wp-json\/wp\/v2\/media?parent=230"}],"curies":[{"name":"wp","href":"https:\/\/api.w.org\/{rel}","templated":true}]}}

<p>La salsa, en solo, en ligne ou en couple, est une danse aux racines cubaines au tempo vif pour un moment chaleureux et festif.</p>



<p>Les fondamentaux des danses de salon, latines ou standard, sont souvent issues des danses traditionnelles ou folkloriques revisitées par chaque génération. </p>



<p>Le programme proposé comprendra de la salsa, cha cha, tango, jive, paso doble et samba, avec 4 à 5 séances pour chaque danse.</p>



<p>Les cours sont adaptés aux débutant.e.s et intermédiaires.</p>



<div style="height:49px" aria-hidden="true" class="wp-block-spacer"></div>



<div style="height:0px" aria-hidden="true" class="wp-block-spacer"></div>



<figure class="wp-block-image size-full"><img loading="lazy" decoding="async" width="946" height="347" src="https://groupepourladanse.fr/wp-content/uploads/2023/11/Salon-2-ok.png" alt="" class="wp-image-747" srcset="https://groupepourladanse.fr/wp-content/uploads/2023/11/Salon-2-ok.png 946w, https://groupepourladanse.fr/wp-content/uploads/2023/11/Salon-2-ok-300x110.png 300w, https://groupepourladanse.fr/wp-content/uploads/2023/11/Salon-2-ok-768x282.png 768w" sizes="auto, (max-width: 946px) 100vw, 946px" /></figure>



<div style="height:70px" aria-hidden="true" class="wp-block-spacer"></div>



<h3 class="wp-block-heading">HORAIRES</h3>



<ul class="wp-block-list">
<li>Salsa, danses latines &amp; standards (dès 16 ans) : jeudi de 20h45 à 22h15 &#8211; salle Hélène Oudoux</li>
</ul>



<div style="height:70px" aria-hidden="true" class="wp-block-spacer"></div>

<p>La salsa, en solo, en ligne ou en couple, est une danse aux racines cubaines au tempo vif pour un moment chaleureux et festif. Les fondamentaux des danses de salon, latines ou standard, sont souvent issues des danses traditionnelles ou folkloriques revisitées par chaque génération. Le programme proposé comprendra de [&hellip;]</p>

<!-- This site is optimized with the Yoast SEO plugin v25.9 - https://yoast.com/wordpress/plugins/seo/ -->
<title>Salsa, danses latines &amp; standards - Groupe pour la Danse</title>
<meta name="robots" content="index, follow, max-snippet:-1, max-image-preview:large, max-video-preview:-1" />
<link rel="canonical" href="https://groupepourladanse.fr/index.php/danse-de-salon/" />
<meta property="og:locale" content="en_US" />
<meta property="og:type" content="article" />
<meta property="og:title" content="Salsa, danses latines &amp; standards - Groupe pour la Danse" />
<meta property="og:description" content="La salsa, en solo, en ligne ou en couple, est une danse aux racines cubaines au tempo vif pour un moment chaleureux et festif. Les fondamentaux des danses de salon, latines ou standard, sont souvent issues des danses traditionnelles ou folkloriques revisitées par chaque génération. Le programme proposé comprendra de [&hellip;]" />
<meta property="og:url" content="https://groupepourladanse.fr/index.php/danse-de-salon/" />
<meta property="og:site_name" content="Groupe pour la Danse" />
<meta property="article:modified_time" content="2025-09-12T10:01:25+00:00" />
<meta property="og:image" content="https://groupepourladanse.fr/wp-content/uploads/2023/11/Salon-2-ok.png" />
	<meta property="og:image:width" content="946" />
	<meta property="og:image:height" content="347" />
	<meta property="og:image:type" content="image/png" />
<meta name="twitter:card" content="summary_large_image" />
<meta name="twitter:label1" content="Est. reading time" />
	<meta name="twitter:data1" content="1 minute" />
<script type="application/ld+json" class="yoast-schema-graph">{"@context":"https://schema.org","@graph":[{"@type":"WebPage","@id":"https://groupepourladanse.fr/index.php/danse-de-salon/","url":"https://groupepourladanse.fr/index.php/danse-de-salon/","name":"Salsa, danses latines &amp; standards - Groupe pour la Danse","isPartOf":{"@id":"https://groupepourladanse.fr/#website"},"primaryImageOfPage":{"@id":"https://groupepourladanse.fr/index.php/danse-de-salon/#primaryimage"},"image":{"@id":"https://groupepourladanse.fr/index.php/danse-de-salon/#primaryimage"},"thumbnailUrl":"https://groupepourladanse.fr/wp-content/uploads/2023/11/Salon-2-ok.png","datePublished":"2023-09-05T05:48:17+00:00","dateModified":"2025-09-12T10:01:25+00:00","breadcrumb":{"@id":"https://groupepourladanse.fr/index.php/danse-de-salon/#breadcrumb"},"inLanguage":"en-US","potentialAction":[{"@type":"ReadAction","target":["https://groupepourladanse.fr/index.php/danse-de-salon/"]}]},{"@type":"ImageObject","inLanguage":"en-US","@id":"https://groupepourladanse.fr/index.php/danse-de-salon/#primaryimage","url":"https://groupepourladanse.fr/wp-content/uploads/2023/11/Salon-2-ok.png","contentUrl":"https://groupepourladanse.fr/wp-content/uploads/2023/11/Salon-2-ok.png","width":946,"height":347},{"@type":"BreadcrumbList","@id":"https://groupepourladanse.fr/index.php/danse-de-salon/#breadcrumb","itemListElement":[{"@type":"ListItem","position":1,"name":"Accueil","item":"https://groupepourladanse.fr/"},{"@type":"ListItem","position":2,"name":"Salsa, danses latines &amp; standards"}]},{"@type":"WebSite","@id":"https://groupepourladanse.fr/#website","url":"https://groupepourladanse.fr/","name":"Groupe pour la Danse","description":"","publisher":{"@id":"https://groupepourladanse.fr/#organization"},"potentialAction":[{"@type":"SearchAction","target":{"@type":"EntryPoint","urlTemplate":"https://groupepourladanse.fr/?s={search_term_string}"},"query-input":{"@type":"PropertyValueSpecification","valueRequired":true,"valueName":"search_term_string"}}],"inLanguage":"en-US"},{"@type":"Organization","@id":"https://groupepourladanse.fr/#organization","name":"Groupe pour la Danse","url":"https://groupepourladanse.fr/","logo":{"@type":"ImageObject","inLanguage":"en-US","@id":"https://groupepourladanse.fr/#/schema/logo/image/","url":"https://groupepourladanse.fr/wp-content/uploads/2023/11/LOGO_GROUPE_DANSE_RVB.png","contentUrl":"https://groupepourladanse.fr/wp-content/uploads/2023/11/LOGO_GROUPE_DANSE_RVB.png","width":2052,"height":2139,"caption":"Groupe pour la Danse"},"image":{"@id":"https://groupepourladanse.fr/#/schema/logo/image/"}}]}</script>
<!-- / Yoast SEO plugin. -->

La salsa, en solo, en ligne ou en couple, est une danse aux racines cubaines au tempo vif pour un moment chaleureux et festif. Les fondamentaux des danses de salon, latines ou standard, sont souvent issues des danses traditionnelles ou folkloriques revisitées par chaque génération. Le programme proposé comprendra de [&hellip;]
