{"id":38,"date":"2023-08-30T14:35:40","date_gmt":"2023-08-30T12:35:40","guid":{"rendered":"https:\/\/groupepourladanse.fr\/?page_id=38"},"modified":"2025-08-28T18:44:14","modified_gmt":"2025-08-28T16:44:14","slug":"les-profs","status":"publish","type":"page","link":"https:\/\/groupepourladanse.fr\/index.php\/les-profs\/","title":{"rendered":"Les professeures"},"content":{"rendered":"\n<h2 class=\"wp-block-heading\">CANDY<\/h2>\n\n\n\n<h2 class=\"wp-block-heading\"><\/h2>\n\n\n\n<h2 class=\"wp-block-heading\">ISABELLE<\/h2>\n\n\n\n<p>Professeure de danse classique et moderne depuis 1989, Isabelle est notre professeure r\u00e9f\u00e9rente au sein de l&#8217;association, elle nous accompagne depuis 1993.<\/p>\n\n\n\n<p>Pendant une dizaine d&#8217;ann\u00e9es, elle est intervenue dans les \u00e9coles primaires et maternelles pour initier les petits \u00e0 la danse, au mouvement et leur apprendre \u00e0 prendre conscience de leur corps dans l&#8217;espace. <\/p>\n\n\n\n<p>En 2014, elle \u00e9tend son champ de comp\u00e9tences avec une formation au sport sur ordonnance et permet ainsi aux personnes atteintes d&#8217;une affection de longue dur\u00e9e de pratiquer une activit\u00e9 physique adapt\u00e9e.<\/p>\n\n\n\n<p>Form\u00e9e au Pilates depuis 2020, elle propose d\u00e9sormais un cours pour se tonifier en douceur.&nbsp;<\/p>\n\n\n<div class=\"wp-block-image is-style-default\">\n<figure class=\"aligncenter size-full is-resized\"><img loading=\"lazy\" decoding=\"async\" width=\"704\" height=\"949\" src=\"https:\/\/groupepourladanse.fr\/wp-content\/uploads\/2023\/11\/PHOTO-2023-11-14-17-47-31_Isabelle-Tremoulet-3.jpg\" alt=\"\" class=\"wp-image-774\" style=\"width:304px;height:auto\" srcset=\"https:\/\/groupepourladanse.fr\/wp-content\/uploads\/2023\/11\/PHOTO-2023-11-14-17-47-31_Isabelle-Tremoulet-3.jpg 704w, https:\/\/groupepourladanse.fr\/wp-content\/uploads\/2023\/11\/PHOTO-2023-11-14-17-47-31_Isabelle-Tremoulet-3-223x300.jpg 223w\" sizes=\"auto, (max-width: 704px) 100vw, 704px\" \/><\/figure>\n<\/div>\n\n\n<div style=\"height:50px\" aria-hidden=\"true\" class=\"wp-block-spacer\"><\/div>\n\n\n\n<h2 class=\"wp-block-heading\">LARS<\/h2>\n\n\n\n<p><\/p>\n\n\n<div class=\"wp-block-image\">\n<figure class=\"aligncenter size-medium is-resized\"><img loading=\"lazy\" decoding=\"async\" width=\"252\" height=\"300\" src=\"https:\/\/groupepourladanse.fr\/wp-content\/uploads\/2023\/12\/photo-Lars-252x300.jpg\" alt=\"\" class=\"wp-image-777\" style=\"width:341px;height:auto\" srcset=\"https:\/\/groupepourladanse.fr\/wp-content\/uploads\/2023\/12\/photo-Lars-252x300.jpg 252w, https:\/\/groupepourladanse.fr\/wp-content\/uploads\/2023\/12\/photo-Lars.jpg 716w\" sizes=\"auto, (max-width: 252px) 100vw, 252px\" \/><\/figure>\n<\/div>\n\n\n<div style=\"height:50px\" aria-hidden=\"true\" class=\"wp-block-spacer\"><\/div>\n\n\n\n<h2 class=\"wp-block-heading\">MARY<\/h2>\n\n\n\n<p>Passionn\u00e9e de danse depuis l\u2019\u00e2ge de 6 ans, Mary est pass\u00e9e par beaucoup de styles de danse.<\/p>\n\n\n\n<p>Elle a commenc\u00e9 jeune par la danse classique, et le modern jazz puis s\u2019est int\u00e9ress\u00e9e \u00e0 des rythmes plus \u00ab exotiques \u00bb comme la salsa cubaine et les danses afro-urbaines.<\/p>\n\n\n\n<p>Autodidacte en danses afro-urbaines, elle s\u2019est faite connaitre en&nbsp;publiant des vid\u00e9os de danse amateur sur internet. Elle a par la suite \u00e9t\u00e9 plusieurs fois sollicit\u00e9e pour des tournages clips vid\u00e9os sur Paris et des accompagnement d\u2019artistes sur sc\u00e8ne.<\/p>\n\n\n\n<p>Apr\u00e8s un bac+2 en Psychologie, elle d\u00e9cide de se consacrer enti\u00e8rement \u00e0 sa passion et d\u00e9m\u00e9nage sur Paris pour continuer \u00e0 se former et vivre de son art.<\/p>\n\n\n\n<p>Elle donne \u00e9galement des cours de salsa cubaine et a int\u00e9gr\u00e9 des troupes de danse. Ensemble, ils cr\u00e9ent des chor\u00e9graphies et participent&nbsp;\u00e0 des repr\u00e9sentations en \u00cele de France et en province.<\/p>\n\n\n\n<p>Vous pourrez suivre ses actualit\u00e9s sur sa page Facebook : Mary V-Dance<\/p>\n\n\n<div class=\"wp-block-image\">\n<figure class=\"aligncenter size-large is-resized\"><img loading=\"lazy\" decoding=\"async\" width=\"768\" height=\"1024\" src=\"https:\/\/groupepourladanse.fr\/wp-content\/uploads\/2023\/09\/Picsart_23-05-28_01-27-50-610-768x1024.jpg\" alt=\"Mary\" class=\"wp-image-97\" style=\"aspect-ratio:0.7495559502664298;width:370px;height:auto\" srcset=\"https:\/\/groupepourladanse.fr\/wp-content\/uploads\/2023\/09\/Picsart_23-05-28_01-27-50-610-768x1024.jpg 768w, https:\/\/groupepourladanse.fr\/wp-content\/uploads\/2023\/09\/Picsart_23-05-28_01-27-50-610-225x300.jpg 225w, https:\/\/groupepourladanse.fr\/wp-content\/uploads\/2023\/09\/Picsart_23-05-28_01-27-50-610-1152x1536.jpg 1152w, https:\/\/groupepourladanse.fr\/wp-content\/uploads\/2023\/09\/Picsart_23-05-28_01-27-50-610-1536x2048.jpg 1536w, https:\/\/groupepourladanse.fr\/wp-content\/uploads\/2023\/09\/Picsart_23-05-28_01-27-50-610-scaled.jpg 1920w\" sizes=\"auto, (max-width: 768px) 100vw, 768px\" \/><\/figure>\n<\/div>\n\n\n<div style=\"height:70px\" aria-hidden=\"true\" class=\"wp-block-spacer\"><\/div>\n","protected":false},"excerpt":{"rendered":"<p>CANDY ISABELLE Professeure de danse classique et moderne depuis 1989, Isabelle est notre professeure r\u00e9f\u00e9rente au sein de l&#8217;association, elle nous accompagne depuis 1993. Pendant une dizaine d&#8217;ann\u00e9es, elle est intervenue dans les \u00e9coles primaires et maternelles pour initier les petits \u00e0 la danse, au mouvement et leur apprendre \u00e0 [&hellip;]<\/p>\n","protected":false},"author":1,"featured_media":0,"parent":0,"menu_order":0,"comment_status":"closed","ping_status":"closed","template":"","meta":{"_themeisle_gutenberg_block_has_review":false,"footnotes":""},"class_list":["post-38","page","type-page","status-publish","hentry"],"yoast_head":"<!-- This site is optimized with the Yoast SEO plugin v25.9 - https:\/\/yoast.com\/wordpress\/plugins\/seo\/ -->\n<title>Les professeures - Groupe pour la Danse<\/title>\n<meta name=\"robots\" content=\"index, follow, max-snippet:-1, max-image-preview:large, max-video-preview:-1\" \/>\n<link rel=\"canonical\" href=\"https:\/\/groupepourladanse.fr\/index.php\/les-profs\/\" \/>\n<meta property=\"og:locale\" content=\"en_US\" \/>\n<meta property=\"og:type\" content=\"article\" \/>\n<meta property=\"og:title\" content=\"Les professeures - Groupe pour la Danse\" \/>\n<meta property=\"og:description\" content=\"CANDY ISABELLE Professeure de danse classique et moderne depuis 1989, Isabelle est notre professeure r\u00e9f\u00e9rente au sein de l&#8217;association, elle nous accompagne depuis 1993. Pendant une dizaine d&#8217;ann\u00e9es, elle est intervenue dans les \u00e9coles primaires et maternelles pour initier les petits \u00e0 la danse, au mouvement et leur apprendre \u00e0 [&hellip;]\" \/>\n<meta property=\"og:url\" content=\"https:\/\/groupepourladanse.fr\/index.php\/les-profs\/\" \/>\n<meta property=\"og:site_name\" content=\"Groupe pour la Danse\" \/>\n<meta property=\"article:modified_time\" content=\"2025-08-28T16:44:14+00:00\" \/>\n<meta property=\"og:image\" content=\"https:\/\/groupepourladanse.fr\/wp-content\/uploads\/2023\/11\/PHOTO-2023-11-14-17-47-31_Isabelle-Tremoulet-3.jpg\" \/>\n\t<meta property=\"og:image:width\" content=\"704\" \/>\n\t<meta property=\"og:image:height\" content=\"949\" \/>\n\t<meta property=\"og:image:type\" content=\"image\/jpeg\" \/>\n<meta name=\"twitter:card\" content=\"summary_large_image\" \/>\n<meta name=\"twitter:label1\" content=\"Est. reading time\" \/>\n\t<meta name=\"twitter:data1\" content=\"2 minutes\" \/>\n<script type=\"application\/ld+json\" class=\"yoast-schema-graph\">{\"@context\":\"https:\/\/schema.org\",\"@graph\":[{\"@type\":\"WebPage\",\"@id\":\"https:\/\/groupepourladanse.fr\/index.php\/les-profs\/\",\"url\":\"https:\/\/groupepourladanse.fr\/index.php\/les-profs\/\",\"name\":\"Les professeures - Groupe pour la Danse\",\"isPartOf\":{\"@id\":\"https:\/\/groupepourladanse.fr\/#website\"},\"primaryImageOfPage\":{\"@id\":\"https:\/\/groupepourladanse.fr\/index.php\/les-profs\/#primaryimage\"},\"image\":{\"@id\":\"https:\/\/groupepourladanse.fr\/index.php\/les-profs\/#primaryimage\"},\"thumbnailUrl\":\"https:\/\/groupepourladanse.fr\/wp-content\/uploads\/2023\/11\/PHOTO-2023-11-14-17-47-31_Isabelle-Tremoulet-3.jpg\",\"datePublished\":\"2023-08-30T12:35:40+00:00\",\"dateModified\":\"2025-08-28T16:44:14+00:00\",\"breadcrumb\":{\"@id\":\"https:\/\/groupepourladanse.fr\/index.php\/les-profs\/#breadcrumb\"},\"inLanguage\":\"en-US\",\"potentialAction\":[{\"@type\":\"ReadAction\",\"target\":[\"https:\/\/groupepourladanse.fr\/index.php\/les-profs\/\"]}]},{\"@type\":\"ImageObject\",\"inLanguage\":\"en-US\",\"@id\":\"https:\/\/groupepourladanse.fr\/index.php\/les-profs\/#primaryimage\",\"url\":\"https:\/\/groupepourladanse.fr\/wp-content\/uploads\/2023\/11\/PHOTO-2023-11-14-17-47-31_Isabelle-Tremoulet-3.jpg\",\"contentUrl\":\"https:\/\/groupepourladanse.fr\/wp-content\/uploads\/2023\/11\/PHOTO-2023-11-14-17-47-31_Isabelle-Tremoulet-3.jpg\",\"width\":704,\"height\":949},{\"@type\":\"BreadcrumbList\",\"@id\":\"https:\/\/groupepourladanse.fr\/index.php\/les-profs\/#breadcrumb\",\"itemListElement\":[{\"@type\":\"ListItem\",\"position\":1,\"name\":\"Accueil\",\"item\":\"https:\/\/groupepourladanse.fr\/\"},{\"@type\":\"ListItem\",\"position\":2,\"name\":\"Les professeures\"}]},{\"@type\":\"WebSite\",\"@id\":\"https:\/\/groupepourladanse.fr\/#website\",\"url\":\"https:\/\/groupepourladanse.fr\/\",\"name\":\"Groupe pour la Danse\",\"description\":\"\",\"publisher\":{\"@id\":\"https:\/\/groupepourladanse.fr\/#organization\"},\"potentialAction\":[{\"@type\":\"SearchAction\",\"target\":{\"@type\":\"EntryPoint\",\"urlTemplate\":\"https:\/\/groupepourladanse.fr\/?s={search_term_string}\"},\"query-input\":{\"@type\":\"PropertyValueSpecification\",\"valueRequired\":true,\"valueName\":\"search_term_string\"}}],\"inLanguage\":\"en-US\"},{\"@type\":\"Organization\",\"@id\":\"https:\/\/groupepourladanse.fr\/#organization\",\"name\":\"Groupe pour la Danse\",\"url\":\"https:\/\/groupepourladanse.fr\/\",\"logo\":{\"@type\":\"ImageObject\",\"inLanguage\":\"en-US\",\"@id\":\"https:\/\/groupepourladanse.fr\/#\/schema\/logo\/image\/\",\"url\":\"https:\/\/groupepourladanse.fr\/wp-content\/uploads\/2023\/11\/LOGO_GROUPE_DANSE_RVB.png\",\"contentUrl\":\"https:\/\/groupepourladanse.fr\/wp-content\/uploads\/2023\/11\/LOGO_GROUPE_DANSE_RVB.png\",\"width\":2052,\"height\":2139,\"caption\":\"Groupe pour la Danse\"},\"image\":{\"@id\":\"https:\/\/groupepourladanse.fr\/#\/schema\/logo\/image\/\"}}]}<\/script>\n<!-- \/ Yoast SEO plugin. -->","yoast_head_json":{"title":"Les professeures - Groupe pour la Danse","robots":{"index":"index","follow":"follow","max-snippet":"max-snippet:-1","max-image-preview":"max-image-preview:large","max-video-preview":"max-video-preview:-1"},"canonical":"https:\/\/groupepourladanse.fr\/index.php\/les-profs\/","og_locale":"en_US","og_type":"article","og_title":"Les professeures - Groupe pour la Danse","og_description":"CANDY ISABELLE Professeure de danse classique et moderne depuis 1989, Isabelle est notre professeure r\u00e9f\u00e9rente au sein de l&#8217;association, elle nous accompagne depuis 1993. Pendant une dizaine d&#8217;ann\u00e9es, elle est intervenue dans les \u00e9coles primaires et maternelles pour initier les petits \u00e0 la danse, au mouvement et leur apprendre \u00e0 [&hellip;]","og_url":"https:\/\/groupepourladanse.fr\/index.php\/les-profs\/","og_site_name":"Groupe pour la Danse","article_modified_time":"2025-08-28T16:44:14+00:00","og_image":[{"width":704,"height":949,"url":"https:\/\/groupepourladanse.fr\/wp-content\/uploads\/2023\/11\/PHOTO-2023-11-14-17-47-31_Isabelle-Tremoulet-3.jpg","type":"image\/jpeg"}],"twitter_card":"summary_large_image","twitter_misc":{"Est. reading time":"2 minutes"},"schema":{"@context":"https:\/\/schema.org","@graph":[{"@type":"WebPage","@id":"https:\/\/groupepourladanse.fr\/index.php\/les-profs\/","url":"https:\/\/groupepourladanse.fr\/index.php\/les-profs\/","name":"Les professeures - Groupe pour la Danse","isPartOf":{"@id":"https:\/\/groupepourladanse.fr\/#website"},"primaryImageOfPage":{"@id":"https:\/\/groupepourladanse.fr\/index.php\/les-profs\/#primaryimage"},"image":{"@id":"https:\/\/groupepourladanse.fr\/index.php\/les-profs\/#primaryimage"},"thumbnailUrl":"https:\/\/groupepourladanse.fr\/wp-content\/uploads\/2023\/11\/PHOTO-2023-11-14-17-47-31_Isabelle-Tremoulet-3.jpg","datePublished":"2023-08-30T12:35:40+00:00","dateModified":"2025-08-28T16:44:14+00:00","breadcrumb":{"@id":"https:\/\/groupepourladanse.fr\/index.php\/les-profs\/#breadcrumb"},"inLanguage":"en-US","potentialAction":[{"@type":"ReadAction","target":["https:\/\/groupepourladanse.fr\/index.php\/les-profs\/"]}]},{"@type":"ImageObject","inLanguage":"en-US","@id":"https:\/\/groupepourladanse.fr\/index.php\/les-profs\/#primaryimage","url":"https:\/\/groupepourladanse.fr\/wp-content\/uploads\/2023\/11\/PHOTO-2023-11-14-17-47-31_Isabelle-Tremoulet-3.jpg","contentUrl":"https:\/\/groupepourladanse.fr\/wp-content\/uploads\/2023\/11\/PHOTO-2023-11-14-17-47-31_Isabelle-Tremoulet-3.jpg","width":704,"height":949},{"@type":"BreadcrumbList","@id":"https:\/\/groupepourladanse.fr\/index.php\/les-profs\/#breadcrumb","itemListElement":[{"@type":"ListItem","position":1,"name":"Accueil","item":"https:\/\/groupepourladanse.fr\/"},{"@type":"ListItem","position":2,"name":"Les professeures"}]},{"@type":"WebSite","@id":"https:\/\/groupepourladanse.fr\/#website","url":"https:\/\/groupepourladanse.fr\/","name":"Groupe pour la Danse","description":"","publisher":{"@id":"https:\/\/groupepourladanse.fr\/#organization"},"potentialAction":[{"@type":"SearchAction","target":{"@type":"EntryPoint","urlTemplate":"https:\/\/groupepourladanse.fr\/?s={search_term_string}"},"query-input":{"@type":"PropertyValueSpecification","valueRequired":true,"valueName":"search_term_string"}}],"inLanguage":"en-US"},{"@type":"Organization","@id":"https:\/\/groupepourladanse.fr\/#organization","name":"Groupe pour la Danse","url":"https:\/\/groupepourladanse.fr\/","logo":{"@type":"ImageObject","inLanguage":"en-US","@id":"https:\/\/groupepourladanse.fr\/#\/schema\/logo\/image\/","url":"https:\/\/groupepourladanse.fr\/wp-content\/uploads\/2023\/11\/LOGO_GROUPE_DANSE_RVB.png","contentUrl":"https:\/\/groupepourladanse.fr\/wp-content\/uploads\/2023\/11\/LOGO_GROUPE_DANSE_RVB.png","width":2052,"height":2139,"caption":"Groupe pour la Danse"},"image":{"@id":"https:\/\/groupepourladanse.fr\/#\/schema\/logo\/image\/"}}]}},"_links":{"self":[{"href":"https:\/\/groupepourladanse.fr\/index.php\/wp-json\/wp\/v2\/pages\/38","targetHints":{"allow":["GET"]}}],"collection":[{"href":"https:\/\/groupepourladanse.fr\/index.php\/wp-json\/wp\/v2\/pages"}],"about":[{"href":"https:\/\/groupepourladanse.fr\/index.php\/wp-json\/wp\/v2\/types\/page"}],"author":[{"embeddable":true,"href":"https:\/\/groupepourladanse.fr\/index.php\/wp-json\/wp\/v2\/users\/1"}],"replies":[{"embeddable":true,"href":"https:\/\/groupepourladanse.fr\/index.php\/wp-json\/wp\/v2\/comments?post=38"}],"version-history":[{"count":28,"href":"https:\/\/groupepourladanse.fr\/index.php\/wp-json\/wp\/v2\/pages\/38\/revisions"}],"predecessor-version":[{"id":1213,"href":"https:\/\/groupepourladanse.fr\/index.php\/wp-json\/wp\/v2\/pages\/38\/revisions\/1213"}],"wp:attachment":[{"href":"https:\/\/groupepourladanse.fr\/index.php\/wp-json\/wp\/v2\/media?parent=38"}],"curies":[{"name":"wp","href":"https:\/\/api.w.org\/{rel}","templated":true}]}}